usands digit of 37495?
7
What is the thousands digit of 47594?
7
What is the ten thousands digit of 14372?
1
What is the thousands digit of 3308?
3
What is the units digit of 57?
7
What is the hundreds digit of 3745?
7
What is the tens digit of 9927?
2
What is the tens digit of 103020?
2
What is the units digit of 746?
6
What is the thousands digit of 1580?
1
What is the tens digit of 29827?
2
What is the tens digit of 1503?
0
What is the hundreds digit of 366?
3
What is the tens digit of 110?
1
What is the thousands digit of 4563?
4
What is the hundreds digit of 538?
5
What is the units digit of 3784?
4
What is the thousands digit of 1112?
1
What is the tens digit of 2225?
2
What is the hundreds digit of 1085?
0
What is the hundreds digit of 1914?
9
What is the hundreds digit of 14554?
5
What is the units digit of 619?
9
What is the tens digit of 2834?
3
What is the units digit of 3784?
4
What is the hundreds digit of 1907?
9
What is the hundreds digit of 41002?
0
What is the hundreds digit of 730?
7
What is the tens digit of 468?
6
What is the units digit of 2132?
2
What is the tens digit of 2593?
9
What is the thousands digit of 4163?
4
What is the tens digit of 45840?
4
What is the thousands digit of 5099?
5
What is the thousands digit of 1581?
1
What is the ten thousands digit of 14889?
1
What is the tens digit of 2108?
0
What is the units digit of 1342?
2
What is the units digit of 22360?
0
What is the units digit of 6439?
9
What is the units digit of 2473?
3
What is the units digit of 2275?
5
What is the thousands digit of 3295?
3
What is the hundreds digit of 7575?
5
What is the tens digit of 2423?
2
What is the ten thousands digit of 69497?
6
What is the hundreds digit of 10918?
9
What is the tens digit of 434?
3
What is the thousands digit of 13248?
3
What is the thousands digit of 8210?
8
What is the thousands digit of 1861?
1
What is the tens digit of 16500?
0
What is the hundreds digit of 58414?
4
What is the units digit of 23779?
9
What is the tens digit of 2708?
0
What is the tens digit of 558?
5
What is the thousands digit of 1022?
1
What is the hundreds digit of 3444?
4
What is the tens digit of 7589?
8
What is the hundreds digit of 1130?
1
What is the units digit of 836?
6
What is the units digit of 6736?
6
What is the tens digit of 70?
7
What is the thousands digit of 3124?
3
What is the thousands digit of 8963?
8
What is the units digit of 3867?
7
What is the units digit of 600?
0
What is the units digit of 18862?
2
What is the units digit of 1919?
9
What is the tens digit of 9839?
3
What is the tens digit of 8665?
6
What is the thousands digit of 24168?
4
What is the hundreds digit of 2382?
3
What is the hundreds digit of 160740?
7
What is the thousands digit of 3201?
3
What is the units digit of 424?
4
What is the units digit of 34923?
3
What is the ten thousands digit of 30293?
3
What is the tens digit of 14591?
9
What is the units digit of 66890?
0
What is the tens digit of 743?
4
What is the units digit of 6878?
8
What is the tens digit of 143177?
7
What is the thousands digit of 4798?
4
What is the tens digit of 84298?
9
What is the thousands digit of 11224?
1
What is the tens digit of 11706?
0
What is the thousands digit of 37431?
7
What is the tens digit of 18448?
4
What is the units digit of 1465?
5
What is the ten thousands digit of 99177?
9
What is the hundreds digit of 80938?
9
What is the thousands digit of 27459?
7
What is the units digit of 29446?
6
What is the units digit of 19688?
8
What is the tens digit of 74283?
8
What is the tens digit of 1078?
7
What is the hundreds digit of 43264?
2
What is the hundreds digit of 1010?
0
What is the units digit of 157218?
8
What is the tens digit of 2994?
9
What is the units digit of 8319?
9
What is the units digit of 3213?
3
What is the thousands digit of 37294?
7
What is the hundreds digit of 31647?
6
What is the tens digit of 702?
0
What is the units digit of 4261?
1
What is the units digit of 338?
8
What is the units digit of 9848?
8
What is the ten thousands digit of 47084?
4
What is the ten thousands digit of 17632?
1
What is the tens digit of 8620?
2
What is the thousands digit of 1745?
1
What is the tens digit of 2084?
8
What is the tens digit of 36987?
8
What is the tens digit of 89011?
1
What is the hundreds digit of 4262?
2
What is the hundreds digit of 740?
7
What is the tens digit of 412?
1
What is the units digit of 62382?
2
What is the thousands digit of 5153?
5
What is the hundreds digit of 12104?
1
What is the ten thousands digit of 107521?
0
What is the hundreds digit of 51872?
8
What is the hundreds digit of 576?
5
What is the hundreds digit of 767?
7
What is the units digit of 54?
4
What is the ten thousands digit of 12021?
1
What is the thousands digit of 1423?
1
What is the units digit of 10581?
1
What is the units digit of 1368?
8
What is the tens digit of 6598?
9
What is the units digit of 7347?
7
What is the thousands digit of 119222?
9
What is the ten thousands digit of 34450?
3
What is the thousands digit of 41732?
1
What is the thousands digit of 1461?
1
What is the units digit of 12961?
1
What is the thousands digit of 83255?
3
What is the hundred thousands digit of 200011?
2
What is the thousands digit of 22117?
2
What is the hundreds digit of 38258?
2
What is the ten thousands digit of 22992?
2
What is the units digit of 6131?
1
What is the tens digit of 48499?
9
What is the tens digit of 138396?
9
What is the thousands digit of 54462?
4
What is the hundreds digit of 64139?
1
What is the units digit of 53032?
2
What is the tens digit of 28415?
1
What is the tens digit of 13907?
0
What is the hundreds digit of 156365?
3
What is the hundred thousands digit of 189658?
1
What is the tens digit of 4577?
7
What is the ten thousands digit of 86696?
8
What is the tens digit of 40770?
7
What is the tens digit of 10606?
0
What is the hundreds digit of 74977?
9
What is the units digit of 3889?
9
What is the hundreds digit of 1254?
2
What is the units digit of 235?
5
What is the hundreds digit of 4805?
8
What is the units digit of 1380?
0
What is the tens digit of 2722?
2
What is the ten thousands digit of 91593?
9
What is the tens digit of 65206?
0
What is the hundreds digit of 511?
5
What is the units digit of 32418?
8
What is the hundreds digit of 4768?
7
What is the units digit of 6930?
0
What is the tens digit of 13320?
2
What is the thousands digit of 1419?
1
What is the thousands digit of 13758?
3
What is the tens digit of 1681?
8
What is the hundreds digit of 7890?
8
What is the thousands digit of 3056?
3
What is the tens digit of 9454?
5
What is the tens digit of 43954?
5
What is the units digit of 39652?
2
What is the thousands digit of 27784?
7
What is the thousands digit of 5124?
5
What is the hundred thousands digit of 123096?
1
What is the thousands digit of 11257?
1
What is the tens digit of 119?
1
What is the hundreds digit of 1048?
0
What is the units digit of 10643?
3
What is the hundreds digit of 6851?
8
What is the units digit of 90456?
6
What is the hundreds digit of 7708?
7
What is the units digit of 73?
3
What is the tens digit of 4777?
7
What is the thousands digit of 3346?
3
What is the tens digit of 947?
4
What is the tens digit of 48?
4
What is the thousands digit of 4299?
4
What is the tens digit of 36104?
0
What is the units digit of 129?
9
What is the hundreds digit of 2926?
9
What is the ten thousands digit of 18129?
1
What is the hundreds digit of 51335?
3
What is the units digit of 772?
2
What is the ten thousands digit of 81218?
8
What is the thousands digit of 23221?
3
What is the tens digit of 1026?
2
What is the tens digit of 7399?
9
What is the thousands digit of 2882?
2
What is the tens digit of 702?
0
What is the tens digit of 1040?
4
What is the units digit of 4258?
8
What is the thousands digit of 2035?
2
What is the ten thousands digit of 14373?
1
What is the units digit of 577?
7
What is the tens digit of 5276?
7
What is the tens digit of 3709?
0
What is the tens digit of 60564?
6
What is the ten thousands digit of 69972?
6
What is the tens digit of 1568?
6
What is the ten thousands digit of 43312?
4
What is the units digit of 1250?
0
What is the ten thousands digit of 136777?
3
What is the tens digit 